t b be -18*(-1 + -1) + 2. Suppose 253 = 7*n - 13. Calculate the highest common divisor of b and n.
38
Let n = -827 - -947. What is the greatest common factor of n and 32?
8
Suppose q = -4*w + 2604, q = -985*w + 986*w + 2649. What is the highest common divisor of 1672 and q?
88
Let s be (1 + 0)/((-6)/24486*-11). Let x = s - 369. Calculate the greatest common factor of 17 and x.
1
Let h = 13041 + -12147. Calculate the highest common factor of 1043 and h.
149
Let t(a) = a**3 - 20*a**2 - 11*a + 62. Suppose -3*j + 2*m + 59 = 3*m, 0 = j - 2*m - 29. Let y be t(j). What is the highest common factor of 32 and y?
16
Suppose -2*m + 4*m - 11 = i, -i + 5*m - 32 = 0. Let j be (-10)/(-40) - (-206)/8. Calculate the highest common factor of i and j.
1
Let f be (1800/(-375))/(6/(-165)). Calculate the highest common factor of 1276 and f.
44
Let q(i) = i**2 - 7*i - 10. Let g be q(-3). Suppose 210 = 4*m + u, -2*m - 2*u + g + 88 = 0. Calculate the highest common divisor of 26 and m.
26
Let v = 2292 - 2286. Calculate the greatest common divisor of 70 and v.
2
Let o be 330/220 - 86/(-4). Calculate the greatest common divisor of o and 1.
1
Let r = 1047 + 1078. Calculate the greatest common factor of r and 17.
17
Let t = 1906 + -586. What is the highest common factor of 50 and t?
10
Suppose -5*d - 4*v = -1290, -44*v = 4*d - 48*v - 1068. Let r = d - 240. Calculate the greatest common divisor of 242 and r.
22
Suppose -286*r + 3662 = -1022 - 1608. Suppose 0 = -5*k - 1 - 24. Let m(y) = y**2 - 3*y - 7. Let t be m(k). What is the highest common factor of t and r?
11
Let w(b) = 5*b**2 - 56*b + 28. Let v be w(4). Let r = 201 - 299. Let f = r - v. Calculate the highest common divisor of f and 30.
6
Let x be (-110302)/(-1310) + 12/15. Calculate the highest common divisor of x and 9809.
17
Let t = 2535 + 608. What is the greatest common factor of t and 7?
7
Let o = 6 + -8. Let g be -8*8/4 - o. Let k be (g/6 + -1)/((-10)/195). What is the highest common factor of 13 and k?
13
Suppose -96*y = -2519 - 7353 + 368. Calculate the greatest common divisor of 36 and y.
9
Let d = 65 - 60. Suppose 5*o + 46 = -3*m, -11 - 26 = 2*o - d*m. Let n(j) = j**2 + 9*j - 13. Let p be n(o). What is the highest common divisor of 36 and p?
9
Let m = 52 - 46. Let c(y) = y**3 - 4*y**2 - 15*y + 22. Let u be c(6). What is the greatest common divisor of u and m?
2
Let r(n) = 557*n + 4521. Let m be r(-8). What is the greatest common factor of m and 1745?
5
Let i(x) = -25*x + 1. Let o be i(-1). Let k be 33 + 0/(-2 + 6). Let r = k - -97. Calculate the greatest common factor of r and o.
26
Let p = 105 - 45. Let o(x) = 6*x - 2. Let g be o(1). What is the highest common factor of g and p?
4
Let v = 7 - 3. Let m be 117/(-45) + v/(-10). Let y be 4/m + (-399)/(-63). Calculate the highest common divisor of 5 and y.
5
Let y = 11 + -9. Suppose -2*q - 2*a - 71 = -7*q, -4*a = y*q - 38. Let b = -3539 + 3554. What is the greatest common factor of q and b?
15
Let p be (3390/10)/(2/2). Let r = p + 2. What is the highest common factor of 62 and r?
31
Let z = 1496 + -1451. Let d be ((-24)/(-20))/((-2)/5). Let g be d/4*(-8 + -12). Calculate the greatest common divisor of z and g.
15
Let g(c) = -1177*c + 1215. Let k be g(1). What is the greatest common divisor of k and 4294?
38
Let q(b) = -30*b + 376. Let z be q(20). Let i = 229 + z. Calculate the greatest common divisor of 85 and i.
5
Let b(i) be the third derivative of 7*i**4/24 + 29*i**3/6 - 18*i**2 - 2. Let q be b(6). Calculate the greatest common divisor of 71 and q.
71
Let w = 81 - -161. Let f be 3/(-1) + (3 - (-12)/6). Suppose 0 = -f*v + 20 + 24. Calculate the greatest common divisor of w and v.
22
Let f = -15748 - -15752. What is the greatest common factor of f and 4460?
4
Let f(x) = 27*x**2 - 562*x + 2295. Let a be f(5). Suppose -2*p = p - 360. Calculate the highest common factor of a and p.
40
Let w = 5330 + 1515. What is the highest common divisor of 555 and w?
185
Suppose 9*x - 405 = -6*x. Calculate the highest common divisor of x and 783.
27
Let y(p) = -3*p**3 - 190 + 2*p + 9*p**2 + 2*p**3 + 189 + 0*p + 0*p**2. Let w be y(9). What is the highest common divisor of w and 1?
1
Let q = 1361 - 1041. What is the greatest common divisor of q and 25?
5
Let q(a) = 69*a + 1622. Let z be q(10). What is the greatest common divisor of 3128 and z?
136
Let b(a) = -7*a + 5. Let f be b(0). Suppose -2*x = 4*c - f*c + 10, 2*c + x - 35 = 0. Calculate the greatest common divisor of 160 and c.
16
Let c = -946 - -1594. What is the greatest common divisor of c and 24?
24
Let p be 4 - 9 - (-8)/2. Let v be (182/7)/(1 - p). Let q = -104 + 208. Calculate the greatest common factor of q and v.
13
Let v = 2312 + -2255. Suppose 0 = -5*j + 5*h + 110, 5*j + h - 86 = -2*h. What is the greatest common factor of v and j?
19
Let w be (-18)/3 - -3 - -102. Let p(k) = -11*k + 22. Let c be p(7). Let n = c + 64. Calculate the greatest common divisor of n and w.
9
Let w = 550 + -289. Let g = -201 + w. Calculate the highest common factor of g and 480.
60
Let o(r) be the second derivative of -5*r**3/6 + 141*r**2 + 3*r + 21. Let h be o(16). What is the greatest common divisor of 505 and h?
101
Suppose 3*u - u - 6 = 0. Suppose -866*p - 579 + 4548 = -2093. What is the highest common divisor of p and u?
1
Let f = 35564 + -16314. What is the greatest common divisor of f and 125?
125
Suppose 0 = 2*f + 3*y - 855, -f + 0*f + 4*y = -400. Suppose -37*u + 41*u = f. What is the highest common divisor of u and 30?
15
Let y(n) = -n**2 + 23*n - 60. Let i be y(3). Suppose 0 = -5*o + 3*m + 4612, 20 = -i*m - 5*m. Calculate the highest common divisor of o and 40.
40
Suppose 2*f + 4*a + 30 = 0, 2*a = -7*f + 3*f - 12. Calculate the greatest common factor of 361 and f.
1
Suppose g - 5*b - 1 = -3, -3*b + 30 = 3*g. Let j be 14/(-35)*-10 - 4. Suppose j = 8*c - 23 - 681. Calculate the greatest common factor of c and g.
8
Suppose -265 = -38*h - 15*h. Suppose 0 = -4*m - 4, -5*t - m - m + 1223 = 0. Calculate the greatest common factor of h and t.
5
Suppose -5*z + 17*l - 21*l + 5937 = 0, 12*l + 24 = 0. Calculate the greatest common divisor of z and 29.
29
Let r be (-6)/5 - 18347/(-35). Let o = 549 - r. What is the highest common divisor of o and 52?
26
Let t be (2 + -1)*2 + (1 - 1). Let p(o) = 18*o**t - 8*o - 4*o**2 + 6*o + o + 1. Let m be p(1). What is the highest common factor of m and 70?
14
Let l be 2502/(-42) - (-12)/21. Let p = 95 + l. Suppose 2*o - p = 60. Calculate the highest common factor of 12 and o.
12
Let o = -8275 - -8284. What is the highest common factor of o and 5283?
9
Let c = -79 + 54. Let i = 45 + c. Let g = 44 - 36. Calculate the highest common factor of g and i.
4
Suppose -1209 - 1877 = -18*s + 640. Let m = -574 + 850. Calculate the highest common factor of s and m.
69
Let v(t) = -15*t + 7. Let f be v(-6). Let s = -92 + f. Suppose -3*p = -2*u - 80, s*p + 3*u - 6*u - 135 = 0. What is the greatest common factor of 45 and p?
15
Let s = 282 - 256. Suppose 8*w = 5*w + 702. Calculate the greatest common factor of w and s.
26
Suppose 5*m = 5*f - 430, -2 = 4*m + 10. Let x = f + -82. Let h be (x*-1)/(2/(-2 - 44)). Calculate the highest common divisor of h and 161.
23
Suppose 12*r - 72 = 21*r. Let f(m) = 2*m**2 + 11*m - 22. Let y be f(r). What is the greatest common factor of 576 and y?
18
Let i be 33/((-3696)/(-64)) + (-23214)/(-21). What is the greatest common divisor of 632 and i?
158
Suppose -3*l - 302 = 304. Let w = 205 + l. Calculate the highest common factor of 7 and w.
1
Suppose 4*d = -8*d - 72. Let w(a) = a**2 + 5*a + 7. Let r be w(d). Suppose -r + 73 = b. What is the greatest common factor of b and 40?
20
Suppose -318 = -30*t - 78. Calculate the greatest common factor of t and 1132.
4
Let p = -3419 - -5319. Calculate the highest common factor of p and 200.
100
Let i(b) = -2*b**3 - 18*b**2 - 37*b - 1. Let a be i(-6). Calculate the highest common factor of 215 and a.
5
Let x be -1*2/(4/(-22)). Let b be ((-4)/(-5) + 0)/((-65)/(-325)). What is the greatest common factor of x and b?
1
Suppose 13*r = 10*r - c - 583, -199 = r - 2*c. Let a be r*(0/1 + 10/(-25)). What is the greatest common factor of a and 12?
6
Let r(n) = 81*n**2 + 5*n - 13. Let w be r(2). Calculate the highest common divisor of w and 6527.
107
Suppose -7*k